6. What is i(19)?
-3
Let g(r) = -6*r**2. What is g(-1)?
-6
Let m(t) = -t**2 + 19*t - 26. Determine m(20).
-46
Let o(l) = 6*l - 41. Give o(6).
-5
Let c(v) = -v**3 - 7*v**2 + 8*v - 4. Give c(-8).
-4
Let s(n) = -2*n + 6. What is s(8)?
-10
Let c(a) = 8*a - 2. Calculate c(-6).
-50
Let h(j) = 3*j - 9. What is h(-9)?
-36
Let u(i) = -i**2 + 12*i - 1. Calculate u(12).
-1
Let q(v) = 6*v - 1. Calculate q(-1).
-7
Let g(a) = a**3 - 4. Determine g(0).
-4
Let y(s) = s**2 - 2*s + 3. Give y(5).
18
Let v(h) = -2*h**2 + 19*h + 159. Calculate v(15).
-6
Let k(h) = h**3 - 4*h**2 - h - 7. Determine k(5).
13
Let f(g) = g**2 - 2*g - 24. Calculate f(7).
11
Let s(w) = 2*w + 8. Determine s(6).
20
Let v(n) = -19*n + 4. Give v(2).
-34
Let a(b) = -2*b**3 - 2*b**2 + 4*b - 2. Give a(0).
-2
Let x(p) = 3*p - 20. Calculate x(8).
4
Let c(n) = -35*n + 100. What is c(3)?
-5
Let s(m) = -m - 24. What is s(-11)?
-13
Let j(u) = u**3 - 9*u**2 - 5*u + 21. Determine j(9).
-24
Let b(u) = 45*u**3 - u**2 - u - 1. Give b(-1).
-46
Let o(k) = -k**2 + 4*k - 13. Calculate o(4).
-13
Let k(d) = 24*d**2 - d + 1. Determine k(1).
24
Let v(s) = -s + 13. What is v(7)?
6
Let i(h) = h**2 + 9*h - 14. Calculate i(-10).
-4
Let j(w) = w**3 - 4*w**2 - 2*w - 6. Calculate j(6).
54
Let m(a) = -a + 3. Determine m(-2).
5
Let q(r) = r**2 - 15*r + 17. Determine q(14).
3
Let r(g) = -g**3 - 4*g**2 + 9*g + 3. Determine r(-6).
21
Let x(z) = -z + 3. What is x(0)?
3
Let t(j) = -j**2 - 12*j - 20. What is t(-14)?
-48
Let t(d) = -2*d**2 + 8*d + 4. Calculate t(4).
4
Let o(w) = 55*w**3 - w**2 + w + 1. What is o(-1)?
-56
Let s(l) = l**3 - 16*l**2 + 3*l - 32. Calculate s(16).
16
Let m(b) = -3*b - 19. What is m(-11)?
14
Let q(f) = f**3 - f - 136. Determine q(0).
-136
Let d(f) = -f**2 - 10*f - 11. What is d(-8)?
5
Let g(h) = -13*h**2 - 33*h + 1. Determine g(-3).
-17
Let w(j) = 11*j - 110. Determine w(9).
-11
Let z(y) = y**3 + 2*y**2 + 2*y - 7. What is z(-3)?
-22
Let x(c) = -23*c**2 + c - 2. Calculate x(1).
-24
Let r(q) = 2*q**2 - 12*q + 9. Give r(9).
63
Let i(b) = -9*b - 11. Calculate i(-3).
16
Let y(p) = -p**2 - 6*p - 5. Calculate y(-6).
-5
Let r(i) = -106*i**3 + 2*i**2 - 1. Determine r(-1).
107
Let t(u) = -u**2 - 7*u - 2. Determine t(-7).
-2
Let v(a) = 135*a + 817. What is v(-6)?
7
Let l(z) = 4*z**3 + 10*z**2 + 6*z + 2. Calculate l(-4).
-118
Let x(a) = 4*a + 12. What is x(-8)?
-20
Let x(p) = -26*p - 399. Give x(-15).
-9
Let b(a) = -a**3 - 26*a**2 + 55*a - 23. Calculate b(-28).
5
Let c(y) = 2*y + 3. Calculate c(-7).
-11
Let y(n) = -n + 4. Determine y(-4).
8
Let a(p) = 2*p - 42. Give a(24).
6
Let a(q) = -q**3 + 20*q**2 + 128*q - 53. Give a(25).
22
Let p(m) = -29*m + 118. What is p(4)?
2
Let m(d) = 2*d**2 - 34*d - 25. Give m(18).
11
Let h(a) = -a**3 - 2*a**2 + 6*a - 5. Determine h(0).
-5
Let u(m) = m**3 + 35*m**2 - 77*m - 120. Calculate u(-37).
-9
Let w(y) = -y**3 - y**2 - 2*y + 57. Calculate w(0).
57
Let g(a) = -50*a + 149. What is g(3)?
-1
Let m(z) = -11*z - 140. What is m(-12)?
-8
Let b(d) = -5*d - 35. What is b(-8)?
5
Let t(b) = b + 9. Give t(-3).
6
Let v(p) = p**3 - 8*p**2 - 2*p + 4. Calculate v(7).
-59
Let x(i) = -i**3 - 4*i**2 + 2*i + 5. What is x(-4)?
-3
Let b(s) = -s**3 - 6*s**2 - 4*s - 5. Calculate b(-4).
-21
Let w(y) = -y**2 + 30*y + 214. Give w(36).
-2
Let f(j) = -2*j + 16. What is f(8)?
0
Let i(j) = -12*j**2 - 8*j - 9. Give i(-2).
-41
Let h(l) = 5*l - 1. What is h(-1)?
-6
Let l(s) = 3*s - 1. Determine l(-1).
-4
Let z(c) = 4*c + 45. What is z(-15)?
-15
Let m(t) = -2*t**2 + 59*t + 36. Determine m(30).
6
Let y(h) = 9*h + 1. Give y(-5).
-44
Let t(p) = p**3 + 11*p**2 + 11*p + 14. What is t(-10)?
4
Let o(w) = -w**3 - 3*w**2 - w + 2. Calculate o(-5).
57
Let v(l) = -l**2 - 8*l + 167. Give v(-17).
14
Let d(c) = 41*c. Give d(0).
0
Let r(j) = 47*j**3 + 1. Give r(-1).
-46
Let z(s) = -s**2 - 14*s - 14. Determine z(-13).
-1
Let n(a) = -a**2 - 31*a + 271. Calculate n(-38).
5
Let g(z) = 5*z + 49. Determine g(-11).
-6
Let z(w) = -w**2 - 18*w - 5. What is z(-14)?
51
Let d(o) = o**3 - 39*o**2 - 84*o + 85. What is d(41)?
3
Let z(m) = -m**2 + 13*m - 20. Calculate z(11).
2
Let w(l) = 3*l - 8. What is w(4)?
4
Let p(m) = -m**3 + 12*m**2 - 8*m + 90. What is p(12)?
-6
Let x(g) = g**3 - 2*g**2 + 2*g - 2. Determine x(0).
-2
Let y(x) = -x**2 - 7*x + 12. Give y(-7).
12
Let v(y) = -4*y - 19. What is v(-9)?
17
Let p(o) = o**3 - 10*o**2 - 11*o + 5. Give p(11).
5
Let n(g) = g**2 - 23*g + 10. Determine n(8).
-110
Let a(v) = v**3 + 10*v**2 + 28*v + 42. Calculate a(-6).
18
Let p(d) = -d**2 + 2*d - 7. What is p(6)?
-31
Let h(l) = -l**2 + 12*l - 16. What is h(11)?
-5
Let f(h) = 3*h + 7. Give f(-7).
-14
Let h(b) = -b**2 + 5*b - 3. What is h(4)?
1
Let c(m) = -2*m**2 + 6*m + 5. Calculate c(3).
5
Let u(q) = 171*q - 1872. What is u(11)?
9
Let f(b) = b**2 + 60*b + 545. Give f(-49).
6
Let h(l) = -5*l + 10. Give h(4).
-10
Let s(z) = -20*z - 2. What is s(2)?
-42
Let b(p) = 2*p**2 + 24*p + 14. Give b(-14).
70
Let x(k) = -7*k + 18. Calculate x(8).
-38
Let d(a) = a**3 + 15*a**2 + 16*a - 1. Determine d(-14).
-29
Let t(q) = -49*q - 287. Calculate t(-6).
7
Let i(p) = -p**2 - 11*p + 9. Give i(-12).
-3
Let s(x) = -x**3 - 16*x**2 + 16*x - 21. What is s(-17)?
-4
Let v(f) = 3*f - 3. Determine v(0).
-3
Let d(t) = 2*t**2 + 32*t. What is d(-16)?
0
Let a(p) = p - 3. Determine a(6).
3
Let q(r) = r + 6. Calculate q(-10).
-4
Let q(k) = -k**3 - 19*k**2 - 33*k + 23. Give q(-17).
6
Let z(s) = s**2 - 7*s + 12. Calculate z(5).
2
Let y(q) = -q**2 + 12*q - 9. Give y(11).
2
Let b(d) = 19*d - 188. Determine b(10).
2
Let w(l) = -2*l**2 + 11*l + 1. Determine w(6).
-5
Let q(z) = z**3 - 8*z**2 + 15*z - 24. What is q(6)?
-6
Let y(q) = -q**3 + 4*q**2 + 5*q - 1. Calculate y(4).
19
Let t(r) = r**2 - 3*r - 7. Give t(5).
3
Let v(q) = 38*q + 32. Give v(-1).
-6
Let f(g) = 8*g**3 + g**2 - g - 1. Calculate f(-1).
-7
Let g(w) = -w**2 - 25*w + 79. Determine g(-28).
-5
Let z(y) = 2*y - 2. Calculate z(14).
26
Let b(a) = 24*a - 5. Determine b(3).
67
Let y(o) = -o**3 + 12*o**2 - o - 2. Give y(12).
-14
Let w(u) = u**2 - 4*u - 26. Determine w(8).
6
Let a(z) = -2*z**2 - 16*z + 95. Determine a(5).
-35
Let o(d) = 2*d + 45. Determine o(-15).
15
Let m(d) = d**3 - 11*d**2 - 12*d + 25. Determine m(11).
-107
Let i(l) = l**3 + 3*l**2 - 4*l - 9. Give i(-4).
-9
Let r(m) = -m**3 - 22*m**2 - 21*m - 10. Calculate r(-21).
-10
Let r(y) = y**2 + 3*y - 4. What is r(-5)?
6
Let k(u) = u - 19. Calculate k(0).
-19
Let v(n) = -3*n - 90. Calculate v(-28).
-6
Let v(x) = -x**3 - 5*x**2 + x - 4. What is v(-4)?
-24
Let x(u) = 4*u - 9. Determine x(-1).
-13
Let k(p) = -p**3 + 8*p**2 - 9*p + 5. Determine k(7).
-9
Let v(q) = -q**2 - 14*q - 38. What is v(-8)?
10
Let b(s) = s**3 - 9*s**2 + 15*s + 11. What is b(8)?
67
Let g(j) = 4*j + 50. Calculate g(-12).
2
Let q(d) = d**2 - 18*d - 55. Give q(-3).
8
Let u(t) = 2*t - 39. Determine u(22).
5
Let u(x) = 5*x**2 - 6*x + 5. Determine u(3).
32
Let s(m) = 9*m + 108. Determine s(-14).
-18
Let q(m) = m**3 + 14*m**2 - 12*m - 4. What is q(-15)?
-49
Let z(s) = -s**2 + 7*s - 6. Give z(7).
-6
Let n(l) = -26*l + 46. What is n(2)?
-6
Let i(z) = z**3 - 30*z**2 - 6*z + 184. What is i(30)?
4
Let w(a) = a**2 - 10*a + 9. What is w(7)?
-12
Let q(c) = c**3 + 8*c**2 - 22*c - 21. Give q(-10).
-1
Let b(o) = 5*o + 54. Give b(-6).
24
Let x(c) = -10*c - 2. Calculate x(-3).
28
Let j(u) = 2*u**3 - 28*u**2 - 10*u + 137. Determine j(14).
-3
Let g(p) = -p**3 - 8*p**2 + 16*p + 14. Calculate g(-10).
54
Let q(t) = -12*t + 232. Determine q(19).
4
Let j(b) = -b - 55. Determine j(-62).
7
Let s(p) = -p + 8. Calculate s(5).
3
Let j(d) = -d**3 + 16*d**2 + 34*d + 37. Determine j(18).
1
Let q(s) = -s**3 - 8*s**2 - s + 5. Calculate q(-8).
13
Let m(c) = -c**3 - 11*c**2 - 11*c + 7. Calculate m(-10).
17
Let v(w) = w + 6. Determine v(-13).
-7
Let p(b) = 2*b**2 - 44*b - 54. Determine p(23).
-8
Let k(o) = o**2 + 12*o - 7. What is k(-12)?
-7
Let q(j) = j - 4. Give q(8).
4
Let w(d) = 2*d - 16. Calculate w(6).
-4
Let t(h) = h**3 - 8*h**2 - 2*h. What is t(8)?
-16
Let f(x) = x**2 - 9*x - 5. Determine f(10).
5
Let m(v) = v**2 + 15*v - 9. Calculate m(-12).
-45
Let t(q) = -q**3 - 15*q**2 - 17*q - 41. Calculate t(-14).
1
Let a(m) = -m**2 - 2*m - 6. Determine a(-7).
-41
Let c(t) = t**2 + 25*t + 20. What is c(-22)?
-46
Let b(j) = -j**3 - 3*j**2 - j + 7. Det